{"id":61,"date":"2025-12-03T22:33:20","date_gmt":"2025-12-03T22:33:20","guid":{"rendered":"https:\/\/oder.dk\/?page_id=61"},"modified":"2026-02-25T10:59:08","modified_gmt":"2026-02-25T10:59:08","slug":"matthaeusgade","status":"publish","type":"page","link":"https:\/\/oder.dk\/index.php\/matthaeusgade\/","title":{"rendered":"Matth\u00e6usgade"},"content":{"rendered":"\n<p>Deltagerne den 21. juni 2025 i Gerts kolonihave (minus \u00d8der).<\/p>\n\n\n\n<p>Vi m\u00f8des igen den l\u00f8rdag den 19. juni 2027.<\/p>\n\n\n\n<figure class=\"wp-block-image alignwide size-large\"><img loading=\"lazy\" decoding=\"async\" width=\"1024\" height=\"684\" src=\"https:\/\/oder.dk\/wp-content\/uploads\/2025\/12\/DSC_5007-1024x684.jpg\" alt=\"\" class=\"wp-image-85\" srcset=\"https:\/\/oder.dk\/wp-content\/uploads\/2025\/12\/DSC_5007-1024x684.jpg 1024w, https:\/\/oder.dk\/wp-content\/uploads\/2025\/12\/DSC_5007-300x200.jpg 300w, https:\/\/oder.dk\/wp-content\/uploads\/2025\/12\/DSC_5007-768x513.jpg 768w, https:\/\/oder.dk\/wp-content\/uploads\/2025\/12\/DSC_5007-1536x1025.jpg 1536w, https:\/\/oder.dk\/wp-content\/uploads\/2025\/12\/DSC_5007-2048x1367.jpg 2048w\" sizes=\"auto, (max-width: 1024px) 100vw, 1024px\" \/><\/figure>\n\n\n\n<p>Foto: Allan Madsen \u00a9\ufe0f<\/p>\n\n\n\n<p><\/p>\n","protected":false},"excerpt":{"rendered":"<p>Deltagerne den 21. juni 2025 i Gerts kolonihave (minus \u00d8der). Vi m\u00f8des igen den l\u00f8rdag den 19. juni 2027. Foto: Allan Madsen \u00a9\ufe0f<\/p>\n","protected":false},"author":1,"featured_media":0,"parent":0,"menu_order":1,"comment_status":"closed","ping_status":"closed","template":"","meta":{"iawp_total_views":74,"footnotes":""},"class_list":["post-61","page","type-page","status-publish","hentry"],"_links":{"self":[{"href":"https:\/\/oder.dk\/index.php\/wp-json\/wp\/v2\/pages\/61","targetHints":{"allow":["GET"]}}],"collection":[{"href":"https:\/\/oder.dk\/index.php\/wp-json\/wp\/v2\/pages"}],"about":[{"href":"https:\/\/oder.dk\/index.php\/wp-json\/wp\/v2\/types\/page"}],"author":[{"embeddable":true,"href":"https:\/\/oder.dk\/index.php\/wp-json\/wp\/v2\/users\/1"}],"replies":[{"embeddable":true,"href":"https:\/\/oder.dk\/index.php\/wp-json\/wp\/v2\/comments?post=61"}],"version-history":[{"count":13,"href":"https:\/\/oder.dk\/index.php\/wp-json\/wp\/v2\/pages\/61\/revisions"}],"predecessor-version":[{"id":110,"href":"https:\/\/oder.dk\/index.php\/wp-json\/wp\/v2\/pages\/61\/revisions\/110"}],"wp:attachment":[{"href":"https:\/\/oder.dk\/index.php\/wp-json\/wp\/v2\/media?parent=61"}],"curies":[{"name":"wp","href":"https:\/\/api.w.org\/{rel}","templated":true}]}}

Matthæusgade

<p>Deltagerne den 21. juni 2025 i Gerts kolonihave (minus Øder).</p>



<p>Vi mødes igen den lørdag den 19. juni 2027.</p>



<figure class="wp-block-image alignwide size-large"><img loading="lazy" decoding="async" width="1024" height="684" src="https://oder.dk/wp-content/uploads/2025/12/DSC_5007-1024x684.jpg" alt="" class="wp-image-85" srcset="https://oder.dk/wp-content/uploads/2025/12/DSC_5007-1024x684.jpg 1024w, https://oder.dk/wp-content/uploads/2025/12/DSC_5007-300x200.jpg 300w, https://oder.dk/wp-content/uploads/2025/12/DSC_5007-768x513.jpg 768w, https://oder.dk/wp-content/uploads/2025/12/DSC_5007-1536x1025.jpg 1536w, https://oder.dk/wp-content/uploads/2025/12/DSC_5007-2048x1367.jpg 2048w" sizes="auto, (max-width: 1024px) 100vw, 1024px" /></figure>



<p>Foto: Allan Madsen ©️</p>



<p></p>

<p>Deltagerne den 21. juni 2025 i Gerts kolonihave (minus Øder). Vi mødes igen den lørdag den 19. juni 2027. Foto: Allan Madsen ©️</p>
